ivative of w**6/120 - w**5/10 + 7*w**4/24 + w**3/3 + 152*w**2. What is z(5)?
12
Suppose 0 = -2*r + 5*u + 39, -2*u - u + 6 = 3*r. Let c(t) = -13*t**2 + 6*t - 2. Let s(b) = -14*b**2 + 7*b - 2. Let o(a) = r*c(a) - 6*s(a). Give o(-2).
-30
Let y(x) = x**2 - 10*x + 6. Let u(z) = 2. Let c(a) = 3*u(a) + y(a). Give c(9).
3
Let a be 9/15 - (0 - 21/15). Let c(l) = l + 27*l**2 + l**a - 13*l**2. Determine c(1).
16
Let f(l) be the first derivative of -l + 3/2*l**2 + 1/3*l**3 - 13. Determine f(-6).
17
Let b(l) be the first derivative of 7*l**6/120 + l**5/60 - l**3/6 + 5*l**2 + 22. Let d(k) be the second derivative of b(k). What is d(1)?
7
Let i(s) = s - 1. Let u be i(5). Suppose -4*x + u*a = -2*x + 2, -4*a = x + 19. Let l(n) = n + 1. Determine l(x).
-6
Let p(l) = 2*l**2 - 13*l + 7. Let i be p(6). Let s(k) be the third derivative of 0 - 3*k**2 + 0*k**4 + 0*k + 1/6*k**3 + 13/60*k**5. What is s(i)?
14
Let f(p) = 5*p**3 + p**2 + 15*p + 5. Let b(a) = 11*a**3 + 2*a**2 + 32*a + 9. Let q(v) = -6*b(v) + 13*f(v). Calculate q(0).
11
Suppose o = -0*o - 5*d - 25, 2*d + 10 = 0. Suppose o = 3*j - 0*j. Let z(h) = h - 7. What is z(j)?
-7
Let b(i) = 6*i + 1. Let c(n) = -5*n - 1. Let p(q) = 2*b(q) + 3*c(q). Suppose -6*j = -j + 5. Let h be -1 + 2 + 0/j. What is p(h)?
-4
Suppose 4*n - 5 - 3 = 2*o, -3*n = -3*o - 3. Suppose -15*h - 14 = -4*q - 13*h, -2*q + o*h + 2 = 0. Let a(w) = w**3 - 6*w**2 - 2*w + 9. Calculate a(q).
-3
Suppose 1 = -5*w + 4*m, -w + 2 + 1 = -4*m. Let k be 2/(-4) - w/(-2). Let f(l) be the first derivative of 2*l**4 - l**3/3 - 18. Determine f(k).
-9
Let h(q) = -4*q**2 + 6*q. Suppose 1 = -4*g - 5*i + 7, 0 = 5*g + i - 18. Determine h(g).
-40
Let n be 2/(-3)*4*(37 + -34). Let o(i) = -6*i + 2*i - 4 + 3*i - 5. What is o(n)?
-1
Let m(o) be the second derivative of -o**4/12 + 5*o**3/6 + 2*o**2 + 194*o. Determine m(5).
4
Let k(v) be the second derivative of -v**4/12 - 5*v**3/6 + 2*v**2 + 4*v + 13. Give k(-6).
-2
Let a(g) = 5*g**3 + 9*g**2 - 8*g - 7. Let x(o) = 6*o**3 + 10*o**2 - 9*o - 9. Let l(b) = 5*a(b) - 4*x(b). Give l(-5).
21
Suppose 0 = 5*l - 5 - 10, p = l + 1. Let k(i) = -p - 11 - i + 14. Give k(6).
-7
Let k(y) = 8*y - 110. Let v be k(13). Let b(j) = j**3 + 6*j**2 - 2*j - 7. Determine b(v).
5
Let t(o) = 41*o - 5. Let l(h) = -h. Let c(k) = -22*k + 2. Let p(n) = c(n) - 2*l(n). Let d(u) = 7*p(u) + 3*t(u). Give d(1).
-18
Let s(c) = -19*c + 7. Let l(p) = -46*p + 18. Let f(u) = 5*l(u) - 12*s(u). Let d(o) = -o + 20. Let q be d(14). Determine f(q).
-6
Let q(g) = -5*g**3 + 5*g**2 - 3*g + 6. Suppose -6 = -2*d - 0. Let s(t) = -4*t**3 + 5*t**2 - 3*t + 5. Let n(f) = d*q(f) - 4*s(f). Calculate n(3).
-11
Let g(t) = t**3 - 10*t**2 + 9*t - 3. Let d(l) = -l**3 - 5*l**2 - 2*l - 1. Suppose -9*x = -7*x + 10. Let q be d(x). Calculate g(q).
-3
Let t(d) be the second derivative of -d**8/6720 - d**7/1260 - d**6/240 - d**5/40 - 23*d**4/12 + 26*d. Let h(j) be the third derivative of t(j). Calculate h(-2).
3
Let c(x) be the third derivative of -x**4/24 + 19*x**3/6 - 28*x**2. Determine c(13).
6
Let j(g) = 17*g + 438. Let a be j(-26). Let o(s) = -s - 10. What is o(a)?
-6
Let i(r) = 4*r + 14. Let t be i(-3). Let g = 17 - 13. Let z(s) = 2*s + 4 + g*s**2 + t*s - 1. Determine z(-2).
11
Let s(l) be the third derivative of -l**4/8 + 7*l**3/6 + 50*l**2. Suppose -2*f = 3*f - 25. What is s(f)?
-8
Suppose 4*i + 2*d + 12 = 3*i, 5*d = 4*i + 22. Let r be -5 + 4 + i + 4. Let z be (-15)/(-3)*(-1)/r. Let h(f) = -f**3 - 2*f**2 + 1. Give h(z).
-2
Let t(k) = -2*k - 98. Let c be t(-46). Let f(y) = 4*y + 4. What is f(c)?
-20
Let l = -192 + 189. Let a(f) be the third derivative of -f**5/30 - f**4/6 - f**3/3 + f**2. Calculate a(l).
-8
Let u(o) = 17 + 17*o**3 - 9*o**3 - 8*o - 9*o**3 + 5*o**2. Determine u(4).
1
Let q(r) = -2*r + 1. Let j(z) = 3*z - 2. Let f(o) = j(o) + 2*q(o). Let u be (2 - 4)*(1 - 2). Suppose u = 2*h + 3*w - w, 2*w = 2*h + 10. What is f(h)?
2
Let r(c) = -c - 1. Let i(b) = -b + 1. Let u(q) = i(q) + r(q). Suppose -4*o + 17 = -3*a + 2*a, 3*a + o - 1 = 0. Give u(a).
2
Let v(c) = 4*c**2 + 6*c**3 + 4 - 19*c**3 - 4*c + 12*c**3. What is v(3)?
1
Let d(x) = -x**3 + 8*x**2 - 8*x - 8. Suppose 55 = 5*p + 4*q, -2*p - 2*q = -p - 17. Give d(p).
-15
Let u(b) be the first derivative of -b - 5 - 1/2*b**2 + 1/3*b**3. Determine u(-3).
11
Let u(x) = x**3 - x**2 - 2*x. Let s(h) = h**2 - 6*h - 18. Let d be s(8). Let t be ((-3)/d)/((-57)/(-76)). Determine u(t).
0
Let y(x) = -2*x - 2. Let n be 2 - -18*(-1)/3. Determine y(n).
6
Let y(q) = -16*q. Let c(k) = -k. Let j(r) = -r**2 + 8*r + 34. Let i be j(11). Let v(z) = i*y(z) - 12*c(z). Determine v(5).
-20
Suppose 2*t - 2 = -s, -s + 6*s - 5*t - 55 = 0. Let q = 12 - s. Let u(w) = -3*w. Let g(p) = 3*p. Let z(a) = q*g(a) + 5*u(a). Determine z(-2).
6
Let i(g) = g - 7. Suppose -b - 3*d - 10 = -5*d, -4*b - 5 = -d. Calculate i(b).
-7
Let d(p) = 2*p**2 + 10*p - 5. Let c(v) = -4*v - 246. Let j be c(-60). Calculate d(j).
7
Let w(f) = -f**3 - f**2 - f + 1. Let d = -47 - -48. Let v(g) = -8*g**3 + 3*g - 2. Let k(j) = d*v(j) + 2*w(j). Let r = 3 + -2. Calculate k(r).
-11
Let a(w) = w**3 + 9*w**2 + 8*w - 8. Suppose q - 3*d = -d - 6, -5*q + 6 = -d. Suppose 2*t + 10 = 0, -q*l + 4*l + 5*t + 41 = 0. Calculate a(l).
-8
Let i(h) = 4*h - 1. Let n(z) = -7*z**2 - 5*z. Let o be n(-1). Give i(o).
-9
Let n(u) = 0*u**2 + u + 3*u**2 - 2*u**2 + 10. Suppose -d - 5*r - 40 = -6*d, r + 24 = 5*d. Suppose d*l - 15 = -15. What is n(l)?
10
Let v be ((-16)/8)/(-3 - (-3 + -2)). Let t(b) = 3*b + 5. What is t(v)?
2
Let d(s) = 6 + 2*s + s - 3*s - 3*s. Suppose -5*x - 5 = -35. Determine d(x).
-12
Let j(o) = 3*o**2 - 3*o + 6. Let v(q) = -7*q**2 + 8*q - 12. Let b(f) = -5*j(f) - 2*v(f). Let l be (0/2)/(-1 - -2). What is b(l)?
-6
Let a(q) = -9*q**3 - 2*q**2 + q + 2. Let l be a(-1). Let j(c) = -2*c**2 + 2. Let h be j(-2). Let f be l/h*(-27)/6. Let v(m) = m + 1. What is v(f)?
7
Let h(j) = -j**3 - 5*j**2 + 1. Let n(m) = 6*m + 58. Let r be n(-9). Let z be (-1 + r)*4/(-3). Determine h(z).
-15
Let o(f) = -10*f**3 + 24*f**2 - 14*f - 15. Let k(a) = -7*a**3 + 16*a**2 - 9*a - 10. Let l(v) = -5*v. Let q be l(-1). Let i(b) = q*o(b) - 7*k(b). Determine i(7).
-5
Let j(v) = -v**2 + 8*v + 11. Suppose 4*x - 4*b + 401 = -219, 0 = -2*x + 5*b - 307. Let y be (x/(-65))/(4/15). What is j(y)?
2
Let x(y) = 7 - 3*y + 8*y - 7*y + y. Let o be 5/(-5)*3*-1. Let u be x(o). Let v(d) = d**2 - 3*d - 5. Give v(u).
-1
Suppose 21 = 3*h + w, 4*w + 28 = 5*h - h. Let j(c) = -4*c**3 - 7*c**2 + 6*c + 11. Let k(f) = 5*f**3 - f**2 - 1. Let g(d) = -j(d) - k(d). Give g(h).
-3
Suppose 10*q - 32 = 78. Let p(d) = d + 21*d**3 - 5*d**3 - q*d**2 - 9*d**3 - 6*d**3 - 9. Give p(11).
2
Let b(d) = -23*d + 13. Let x(v) = 66*v - 38. Let m(i) = -17*b(i) - 6*x(i). What is m(2)?
-3
Let o(i) be the third derivative of -7*i**4/12 + i**3/2 + 99*i**2 - 2. Give o(1).
-11
Let a(y) = -y**3 - 4*y**2 - 3*y + 2. Let f(m) = m**2 + 8*m + 13. Let g be f(-7). Let w be (3 - 1)*g/(-3). Calculate a(w).
14
Let u(l) = -1 + 3*l - 1 - l**2 + 0*l**2. Suppose 0 = 68*j - 65*j - 15. Suppose 0 = 2*g + j*p + 11, -3*p = g + 2*g + 3. What is u(g)?
0
Let z(n) = 3*n**2 - n**2 - 2*n**2 + n**2 - 10 + 6*n. Determine z(-8).
6
Let b(n) = -5*n**3 - 17*n**2 + 8. Let i(x) = 7*x**3 + 22*x**2 - 2*x - 8. Let h(a) = -3*b(a) - 2*i(a). Let q be 52/(-9) + (-4)/18. Calculate h(q).
4
Let s(m) = m**2 + 4*m + 1. Let t(i) = -6*i**2 - 19*i - 6. Let f(b) = 11*s(b) + 2*t(b). Determine f(6).
-1
Let o be 0/(-1) + -16 + 12. Let u(p) = p**3 + 3*p**2 - 3*p - 1. Give u(o).
-5
Let d(s) = 2*s + 1. Let q = 590 - 585. Determine d(q).
11
Let u(w) = -w - 13. Let r(t) = 0*t - 8*t + 3*t - 23 + 6*t. Let v = -25 - -42. Let k be r(v). Give u(k).
-7
Let w(u) = 2*u + 1. Suppose 4*r - 89 = j, 0 = -4*r - 2*j + 92 + 6. Suppose i - 2*o = -14, -5*i + 8 - r = o. Let h = -5 - i. Give w(h).
-1
Let t(y) be the second derivative of -2*y**3/3 + y**2 + 2*y. Suppose -3*s + 0 + 0 = 0. Let r be (1 - s)*16/8. Give t(r).
-6
Let h = 1044 - 1046. Let z(u) = u**3 - u**2 - 2*u - 2. Give z(h).
-10
Let i = -12 + 18. Let k be 1/(1 - -3) + 143/52. Let f(q) = -6*q**2 - 8*q**k + 0*q**3 - 8 + 9*q**3 + q. What is f(i)?
-2
Let n(v) = v + 7. Let d = -3 + 19. Suppose d*c - 20 = 12*c. What is n(c)?
12
Let y(o) = -8*o + 3 + 0 - 281*o**2 + 283*o**2. Calculate y(3).
-3
Let v(r) be the second d